{"id":6245,"date":"2024-09-25T19:23:54","date_gmt":"2024-09-25T18:23:54","guid":{"rendered":"https:\/\/radiologie-pfaffenberger.de\/produkte\/?post_type=product&#038;p=6245"},"modified":"2025-05-02T09:47:53","modified_gmt":"2025-05-02T08:47:53","slug":"prostan-plus","status":"publish","type":"product","link":"https:\/\/radiologie-pfaffenberger.de\/produkte\/prostan-plus\/","title":{"rendered":"Prostan Plus"},"content":{"rendered":"\n<h2 class=\"wp-block-heading\">Was ist Prostan Plus und wie wirkt es?<\/h2>\n\n\n\n<p>Prostan Plus ist ein einzigartiges <b>Nahrungserg\u00e4nzungsmittel<\/b> f\u00fcr M\u00e4nner, die mit Problemen der Prostata und der Harnwege zu k\u00e4mpfen haben. Seine <b>Wirkung<\/b> basiert auf sorgf\u00e4ltig ausgew\u00e4hlten nat\u00fcrlichen Inhaltsstoffen, die die <b>Gesundheit der Prostata<\/b> unterst\u00fctzen und den Komfort verbessern. Zu den wichtigsten Inhaltsstoffen geh\u00f6ren Extrakte aus S\u00e4belpalmenfr\u00fcchten, K\u00fcrbiskernen und Brennnesselbl\u00e4ttern, die entz\u00fcndungshemmende und harnflussregulierende Eigenschaften haben.<\/p>\n\n\n\n<p>Der K\u00fcrbiskernextrakt, der 20% Beta-Sitosterole enth\u00e4lt, hilft, das \u00fcberm\u00e4\u00dfige Wachstum der Prostata zu regulieren. Mit 40% Ellags\u00e4ure aus Granatapfelsamenextrakt bietet Prostan Plus starke antioxidative und entz\u00fcndungshemmende Eigenschaften. Dar\u00fcber hinaus unterst\u00fctzen 4% Polyphenole aus Brennnesselbl\u00e4ttern die Behandlung der gutartigen Prostatahyperplasie und bieten somit zus\u00e4tzliche Vorteile f\u00fcr die Gesundheit des Mannes.<\/p>\n\n\n\n<p>Die regelm\u00e4\u00dfige <b>Einnahme von<\/b> Prostan Plus kann dazu beitragen, den Urinfluss zu erh\u00f6hen und die H\u00e4ufigkeit der n\u00e4chtlichen Toiletteng\u00e4nge zu verringern. Infolgedessen bemerken die Anwender oft eine Verbesserung ihrer Schlafqualit\u00e4t und ihres allgemeinen Wohlbefindens. Als Teil einer t\u00e4glichen Ern\u00e4hrung unterst\u00fctzt dieses Nahrungserg\u00e4nzungsmittel M\u00e4nner bei der Pflege der <b>Gesundheit der Prostata<\/b> und der Aufrechterhaltung des Gleichgewichts der Harnwege.<\/p>\n\n\n\n<h2 class=\"wp-block-heading\">Prostan Plus &#8211; Wirkungen der Anwendung<\/h2>\n\n\n\n<p>Als <b>Nahrungserg\u00e4nzungsmittel<\/b> hat Prostan Plus viele positive <em>Wirkungen<\/em>, die sich deutlich auf die <em>Gesundheit der Prostata<\/em> auswirken. Die regelm\u00e4\u00dfige <b>Einnahme<\/b> f\u00fchrt zu einer sp\u00fcrbaren <em>Verbesserung der<\/em> Qualit\u00e4t des Wasserlassens. Viele Menschen bemerken eine Verringerung der Symptome der benignen Prostatahyperplasie, was einen erheblichen Einfluss auf den Komfort des t\u00e4glichen Lebens hat.<\/p>\n\n\n\n<p>Die Benutzer berichten oft, dass sich ihre Stimmung verbessert, nachdem sie Prostan Plus mehrere Wochen lang eingenommen haben. <b>Die Wirkungen<\/b> dieses Erg\u00e4nzungsmittels sind sowohl physisch als auch psychisch sp\u00fcrbar. Eine Verringerung der H\u00e4ufigkeit der n\u00e4chtlichen Toiletteng\u00e4nge und eine allgemeine Verringerung der Beschwerden beim Wasserlassen sind wichtige Vorteile, die M\u00e4nner anziehen, die Unterst\u00fctzung f\u00fcr ihre Gesundheit suchen.<\/p>\n\n\n\n<p>Es ist bemerkenswert, dass diejenigen, die Prostan Plus einnehmen, nicht nur eine Verbesserung der Gesundheit der Prostata feststellen, sondern auch oft eine deutliche Steigerung der sexuellen Funktion erleben. Diese Erg\u00e4nzung ist eine wichtige Unterst\u00fctzung f\u00fcr M\u00e4nner \u00fcber 40, die Prostataprobleme vermeiden und eine bessere Lebensqualit\u00e4t anstreben wollen.<\/p>\n\n\n\n<h2 class=\"wp-block-heading\">Wie wird Prostan Plus angewendet? &#8211; Dosierung<\/h2>\n\n\n\n<p>Um die Wirkung von Prostan Plus zu maximieren, wird empfohlen, <em>t\u00e4glich zwei Kapseln<\/em> einzunehmen. Es ist wichtig, das Nahrungserg\u00e4nzungsmittel mit einer Mahlzeit und reichlich Wasser einzunehmen. Die regelm\u00e4\u00dfige <em>Einnahme<\/em> des Nahrungserg\u00e4nzungsmittels spielt eine wichtige Rolle, um die gew\u00fcnschten Ergebnisse zu erzielen und die Gesundheit der Prostata und der Harnwege zu unterst\u00fctzen.<\/p>\n\n\n\n<p>Prostan Plus sollte mindestens 95 Tage lang eingenommen werden, damit die Wirkstoffe auf nat\u00fcrliche Weise wirksam <b>werden<\/b> k\u00f6nnen. Die richtige <em>Dosierung<\/em> und die systematische Einnahme von Nahrungserg\u00e4nzungsmitteln k\u00f6nnen erhebliche gesundheitliche Vorteile bringen, wie zahlreiche Studien \u00fcber die Inhaltsstoffe best\u00e4tigen.<\/p>\n\n\n\n<p>Bitte beachten Sie, dass Prostan Plus nicht verwendet werden sollte, wenn Sie eine \u00dcberempfindlichkeit gegen einen der Inhaltsstoffe haben. Ein Nahrungserg\u00e4nzungsmittel kann eine ausgewogene Ern\u00e4hrung nicht ersetzen. Kombinieren Sie es daher mit einer gesunden Lebensweise, um optimale Ergebnisse zu erzielen.<\/p>\n\n\n\n<h2 class=\"wp-block-heading\">Nutzererfahrungen und Bewertungen von Prostan Plus &#8211; wie sind die Bewertungen?<\/h2>\n\n\n\n<p><b>Die Bewertungen von<\/b> Prostan Plus zeigen eine gro\u00dfe Zufriedenheit bei denjenigen, die sich f\u00fcr die Einnahme entschieden haben. Die <b>Erfahrungen der Anwender<\/b> konzentrieren sich h\u00e4ufig auf die verbesserte Harnfunktion und die allgemeine Unterst\u00fctzung der Prostatagesundheit. Die Mehrheit der Bewertungen hebt eine deutliche Verbesserung des Wasserlassens hervor, was zu einem angenehmeren t\u00e4glichen Leben f\u00fchrt.<\/p>\n\n\n\n<p>Bei der Einnahme von Prostan Plus berichten viele Menschen bereits nach wenigen Wochen von sp\u00fcrbaren Ver\u00e4nderungen. Zu den positiven Erfahrungen der Anwender geh\u00f6rt, dass die regelm\u00e4\u00dfige Einnahme dieses Nahrungserg\u00e4nzungsmittels dazu beigetragen hat, den PSA-Wert zu stabilisieren, der ein wichtiger Indikator f\u00fcr die Gesundheit der Prostata ist. Solche <b>Effekte<\/b> werden durch die Wirkung der in der Formel enthaltenen Wirkstoffe best\u00e4tigt.<\/p>\n\n\n\n<p><b>Nutzerbewertungen<\/b> deuten darauf hin, dass Prostan Plus tats\u00e4chlich dazu beitr\u00e4gt, die n\u00e4chtlichen Toiletteng\u00e4nge zu reduzieren und die Schlafqualit\u00e4t deutlich zu verbessern. Die von den Anwendern berichteten Studien weisen darauf hin, dass das Pr\u00e4parat wirksam ist, obwohl jeder Fall unterschiedlich sein kann.<\/p>\n\n\n\n<p>Daraus folgt, dass Prostan Plus aufgrund seiner positiven <b>Bewertungen<\/b> und der Erfahrungen derer, die es verwenden, Aufmerksamkeit verdient. Diese Erg\u00e4nzung kann eine n\u00fctzliche Unterst\u00fctzung f\u00fcr M\u00e4nner sein, die sich um die <b>Gesundheit der Prostata<\/b> sorgen und Linderung bei Harnwegsbeschwerden brauchen.<\/p>\n\n\n\n<h2 class=\"wp-block-heading\">Prostan Plus &#8211; Zusammensetzung &#8211; Analyse der Inhaltsstoffe<\/h2>\n\n\n\n<p>Prostan Plus ist ein Nahrungserg\u00e4nzungsmittel, das sich durch seine sorgf\u00e4ltig formulierte Zusammensetzung zur Unterst\u00fctzung der Gesundheit der Prostata auszeichnet. Die wichtigsten Inhaltsstoffe sind:<\/p>\n\n\n\n<figure class=\"wp-block-table\"><table class=\"has-fixed-layout\"><tbody><tr><th>Komponente<\/th><th>Funktion<\/th><\/tr><tr><td>Sabalpalmen-Extrakt<\/td><td>Unterst\u00fctzung der Gesundheit der Prostata und Regulierung der Prostatagr\u00f6\u00dfe<\/td><\/tr><tr><td>Brennnessel<\/td><td><b>Verbesserter<\/b> Urinfluss<\/td><\/tr><tr><td>Zink<\/td><td>Unterst\u00fctzung f\u00fcr das Immunsystem<\/td><\/tr><tr><td>Vitamin E<\/td><td>Nat\u00fcrliches Antioxidans<\/td><\/tr><tr><td>Lycopin<\/td><td>Antioxidationsmittel<\/td><\/tr><tr><td>Selen<\/td><td>Unterst\u00fctzung der Funktion des Immunsystems<\/td><\/tr><\/tbody><\/table><\/figure>\n\n\n\n<p><b>Die Analyse der Inhaltsstoffe von<\/b> Prostan Plus zeigt, dass jeder Bestandteil eine Schl\u00fcsselrolle bei der Verbesserung der allgemeinen Gesundheit der Prostata spielt. Die regelm\u00e4\u00dfige Einnahme, die sich aus der empfohlenen Dosierung von einer Kapsel pro Tag ergibt, tr\u00e4gt zu sp\u00fcrbaren Ergebnissen nach etwa 45 Tagen bei. Mit seinen nat\u00fcrlichen Inhaltsstoffen auf pflanzlicher Basis ist dieses Erg\u00e4nzungsmittel ein innovatives Produkt auf dem Markt, das M\u00e4nnern, die sich um ihre Prostatagesundheit k\u00fcmmern wollen, umfassende Unterst\u00fctzung bietet.<\/p>\n\n\n\n<h2 class=\"wp-block-heading\">Wo kann ich Prostan Plus kaufen und wie hoch ist der Preis?<\/h2>\n\n\n\n<p>Prostan Plus kann nur auf der offiziellen Website <em>des Herstellers<\/em> erworben werden, um sicherzustellen, dass die Kunden ein authentisches Produkt und eine Qualit\u00e4tsgarantie erhalten. Der <b>Online-Kauf<\/b> wird immer mehr zur bevorzugten L\u00f6sung, da das Nahrungserg\u00e4nzungsmittel nicht in station\u00e4ren Apotheken erh\u00e4ltlich ist. Dadurch wird das Risiko, eine F\u00e4lschung zu erwerben, erheblich verringert.<\/p>\n\n\n\n<p>Die Nutzer k\u00f6nnen von attraktiven Werbeaktionen profitieren, die Rabatte von bis zu <em>50 %<\/em> bieten. Regelm\u00e4\u00dfige Angebote erm\u00f6glichen nicht nur einen g\u00fcnstigen <b>Einkauf<\/b>, sondern auch den Zugang zu einem Produkt, das die Gesundheit der Prostata unterst\u00fctzt.<\/p>\n\n\n\n<p>Prostan Plus-Kapseln sind f\u00fcr M\u00e4nner gedacht, die mit Harnproblemen zu k\u00e4mpfen haben. Das Nahrungserg\u00e4nzungsmittel, das nat\u00fcrliche pflanzliche Inhaltsstoffe enth\u00e4lt, erregt Aufmerksamkeit dank positiver Nutzerbewertungen mit einer durchschnittlichen Bewertung von <em>4,95 von 5 Sternen<\/em>. Das hohe Ma\u00df an Zufriedenheit deutet auf die Wirksamkeit sowohl in Bezug auf die Verbesserung der Prostata-Funktion als auch auf den Komfort im t\u00e4glichen Leben hin.<\/p>\n\n\n\n<h2 class=\"wp-block-heading\">Prostan Plus &#8211; Nebenwirkungen und Kontraindikationen &#8211; Ist es sicher?<\/h2>\n\n\n\n<p>Prostan Plus ist ein Nahrungserg\u00e4nzungsmittel, das als sicher und mit einem geringen Risiko von Nebenwirkungen gilt. Es wird von den meisten M\u00e4nnern gut vertragen, wie die positiven <b>R\u00fcckmeldungen<\/b> der Nutzer und eine Produktbewertung von 4,95 von 5 Sternen zeigen. Es ist jedoch ratsam, einen Arzt zu konsultieren, vor allem, wenn Sie \u00fcberempfindlich auf einen der Inhaltsstoffe reagieren oder an Krankheiten leiden, wie z. B. schweren Nieren- oder Lebererkrankungen, die die <b>Sicherheit<\/b> dieses Produkts beeintr\u00e4chtigen k\u00f6nnen.<\/p>\n\n\n\n<p>Es ist zu beachten, dass zu den m\u00f6glichen <b>Nebenwirkungen von<\/b> Prostan Plus Magenbeschwerden, allergische Reaktionen und in seltenen F\u00e4llen \u00dcbelkeit, Durchfall oder Schwindel geh\u00f6ren k\u00f6nnen. Es lohnt sich daher immer, die <b>Kontraindikationen<\/b> zu \u00fcberpr\u00fcfen und einen Spezialisten zu konsultieren, bevor man mit der Supplementierung beginnt, insbesondere bei fortgeschrittenen Prostataleiden.<\/p>\n\n\n\n<p>Die nat\u00fcrlichen Inhaltsstoffe in Prostan Plus, wie z. B. der Extrakt aus der S\u00e4belpalmenfrucht und die Brennnesselwurzel, wurden ausgew\u00e4hlt, um die Gesundheit der Prostata zu unterst\u00fctzen und die mit Harnwegserkrankungen verbundenen Symptome zu lindern. Obwohl das Produkt rezeptfrei erh\u00e4ltlich ist, ist ein verantwortungsvoller Umgang mit dem Produkt der Schl\u00fcssel zur Erhaltung von Gesundheit und Wohlbefinden.<\/p>\n","protected":false},"excerpt":{"rendered":"<p><strong>[date_countdown]<\/strong><\/p>\n","protected":false},"featured_media":6246,"comment_status":"open","ping_status":"closed","template":"","meta":{"neve_meta_sidebar":"","neve_meta_container":"","neve_meta_enable_content_width":"","neve_meta_content_width":0,"neve_meta_title_alignment":"","neve_meta_author_avatar":"","neve_post_elements_order":"","neve_meta_disable_header":"","neve_meta_disable_footer":"","neve_meta_disable_title":"","neve_meta_reading_time":""},"product_brand":[],"product_cat":[21],"product_tag":[],"class_list":{"0":"post-6245","1":"product","2":"type-product","3":"status-publish","4":"has-post-thumbnail","6":"product_cat-gesundheit","8":"first","9":"instock","10":"sale","11":"shipping-taxable","12":"product-type-external"},"_links":{"self":[{"href":"https:\/\/radiologie-pfaffenberger.de\/produkte\/wp-json\/wp\/v2\/product\/6245","targetHints":{"allow":["GET"]}}],"collection":[{"href":"https:\/\/radiologie-pfaffenberger.de\/produkte\/wp-json\/wp\/v2\/product"}],"about":[{"href":"https:\/\/radiologie-pfaffenberger.de\/produkte\/wp-json\/wp\/v2\/types\/product"}],"replies":[{"embeddable":true,"href":"https:\/\/radiologie-pfaffenberger.de\/produkte\/wp-json\/wp\/v2\/comments?post=6245"}],"wp:featuredmedia":[{"embeddable":true,"href":"https:\/\/radiologie-pfaffenberger.de\/produkte\/wp-json\/wp\/v2\/media\/6246"}],"wp:attachment":[{"href":"https:\/\/radiologie-pfaffenberger.de\/produkte\/wp-json\/wp\/v2\/media?parent=6245"}],"wp:term":[{"taxonomy":"product_brand","embeddable":true,"href":"https:\/\/radiologie-pfaffenberger.de\/produkte\/wp-json\/wp\/v2\/product_brand?post=6245"},{"taxonomy":"product_cat","embeddable":true,"href":"https:\/\/radiologie-pfaffenberger.de\/produkte\/wp-json\/wp\/v2\/product_cat?post=6245"},{"taxonomy":"product_tag","embeddable":true,"href":"https:\/\/radiologie-pfaffenberger.de\/produkte\/wp-json\/wp\/v2\/product_tag?post=6245"}],"curies":[{"name":"wp","href":"https:\/\/api.w.org\/{rel}","templated":true}]}}